 - 9. Suppose -u = 3*p - 15, u + 3*u = 2*p + 46. Suppose c - u = -c. List the prime factors of y(c).
3
What are the prime factors of 2/(-4) + (-858)/(-12)?
71
Suppose -15 = 3*f - 6*f. Suppose -3*q - f + 2 = 0. List the prime factors of (q*2)/((-6)/33).
11
Suppose 0*i + 4*i = -s + 61, -5*i - 2*s = -74. List the prime factors of i.
2
Let n(b) = b**3 + 5*b**2 - 4*b - 8. Let o(w) = w**2 - 4. Let v be o(0). List the prime factors of n(v).
2, 3
Let n(h) = -35*h - 52. List the prime factors of n(-8).
2, 3, 19
Suppose -3*g + 33 = -2*h - 111, -4*h = 4*g - 172. What are the prime factors of g?
2, 23
Suppose 3 + 3 = 3*n. Suppose n*s - s = -1, -5*p - 2*s = -33. List the prime factors of p.
7
Suppose -1 = 2*k - 11. Suppose k*j + 4*x - 14 = 5*x, 10 = 2*j + 4*x. Suppose s - 18 = -3*a, -j*a - 24 = -3*s + 2*s. What are the prime factors of s?
3, 7
Let c = -15 - 23. Let w = 57 + c. What are the prime factors of w?
19
Suppose 9*w - 13*w + 144 = 0. Suppose 3*t - 9 = -0*t + 2*l, 12 = 4*t - 3*l. Suppose w = -0*v + t*v. List the prime factors of v.
2, 3
Let p(a) = 13*a**3 - a - 1. What are the prime factors of p(2)?
101
Let v(i) = 2*i**3 - 5*i**2 + 0*i**2 + 6*i - 2*i**2 - i**3. Let t be v(6). Suppose -2*q - 5*d + 47 = t, 4*q + 4*d - 52 = 36. What are the prime factors of q?
3, 7
Suppose -m = -16 - 5. Let k = 35 - m. List the prime factors of k.
2, 7
Let g = 3 - 7. Let j = g + 7. List the prime factors of j.
3
Suppose -8*v + 7*v + 10 = 0. Let z be (-5 - -1)*1/(-2). Let j = v + z. List the prime factors of j.
2, 3
Let l be -2*((-3)/2 + 1). Let k be -2 - ((-4)/l + 2). Let q = 6 - k. List the prime factors of q.
2, 3
Let u be 2 + 4 + 3 + -1. Let j = u - 4. Suppose -2*v = -0*v + 5*b - 44, 0 = v - 2*b - j. What are the prime factors of v?
2, 3
Let c = -31 - -57. Suppose 4*o = 18 + c. List the prime factors of o.
11
Let q be (-2)/(-3)*(-2 + 14). Let u(l) = -l**2 + 10*l + 19. List the prime factors of u(q).
5, 7
Let v(g) = -g**2 - 9*g + 2. Let j be v(-10). Let d = 14 + j. What are the prime factors of d?
2, 3
Let x = -297 + 435. What are the prime factors of x?
2, 3, 23
Let d(i) = 4 + 0 + i**2 - 2 + 4*i. Let o be d(-4). List the prime factors of o - 1/(2/(-16)).
2, 5
Let n = 0 - 2. List the prime factors of (4/(-10))/(n/60).
2, 3
Let i(d) = -7*d**3 + d**2 + 2*d + 1. Let u be i(-1). Suppose -5*g = -5*y - 15, u*y - 2*y = 0. What are the prime factors of g?
3
Let v(w) = w**3 - w**2 - w. Let m be v(2). Suppose 2*d - 29 = -5*o - 2*d, 0 = -m*d + 2. List the prime factors of o.
5
Suppose -o = -5*b + 89, -5*o - 4 = -b + 9. Suppose 6*u = 2*z + 2*u - b, -45 = -5*z + 3*u. List the prime factors of z.
3
Let z(p) = p**3 - 7*p**2 - 7*p + 3. Let n be z(8). Let a(i) = 2*i - 10. List the prime factors of a(n).
2, 3
Suppose 3*g - 52 = 53. List the prime factors of g.
5, 7
Let h(i) = -i**3 - 14*i**2 + 14*i - 20. Let q be h(-15). Suppose -2*v - 8 - 22 = 0. Let o = q - v. List the prime factors of o.
2, 5
Let o(z) = -z + 2. Let h be o(-2). Suppose h*b + 2*y = 20, -6*y - 22 = -2*b - y. List the prime factors of b.
2, 3
Let w(t) = 2*t**3 - t + 1. Let p(z) = z - 10. Let y be p(10). Suppose -2*g - 1 + 5 = y. List the prime factors of w(g).
3, 5
Let f be 2/(-11) - (-5556)/66. Let m = f + -50. List the prime factors of m.
2, 17
Let h(z) = -2*z + 16. Let p = 14 + -22. What are the prime factors of h(p)?
2
Suppose 2*t + 2*m = 12, -3*m + 3 - 15 = -3*t. Suppose 2*w + t*o - 11 = 0, 5*w - o = o + 71. What are the prime factors of w?
13
Let l(b) = 4*b - 6. Let w(u) = -9*u + 13. Let j(p) = -5*l(p) - 3*w(p). List the prime factors of j(6).
3, 11
List the prime factors of 0 + 1 - (-122 + 4).
7, 17
Suppose -4*n + 2*h = -1 - 1, 3*n + 5*h = -18. What are the prime factors of -1 + n + (-10)/(-2)?
3
Let n(x) = x**3 - 4*x**2 + x - 4. What are the prime factors of n(6)?
2, 37
Suppose 0 = -l - 4*k + 163, -145 = -l - 0*l + 5*k. List the prime factors of l.
5, 31
Let h = 12 + -7. Suppose -h*j = 3*a + 14, 5*j + 22 = 3*a + j. Suppose 0 = -a*b - 0*b + 18. What are the prime factors of b?
3
Let i be 1/(-4) - (-297)/4. Let d = i - 38. List the prime factors of d.
2, 3
Let x(z) = 2*z**2 + 3*z + 3. Let c be x(-2). Suppose 5*u = -c*n + 70, n - 16 - 13 = 2*u. List the prime factors of n.
19
Suppose 5*l = -0*l - 5. Suppose -3*o = o + 4. List the prime factors of (o + l)/(-4)*34.
17
Let s = -64 + 91. List the prime factors of s.
3
Let u = 8 - 8. Suppose -2*q = -h - 42, 0 = -u*q - 5*q + 2*h + 107. What are the prime factors of q?
23
Suppose 0 = -5*f - 15, -4*o + 265 = 3*f + 50. What are the prime factors of o?
2, 7
List the prime factors of (96/9)/((-1)/(-6)).
2
Suppose -3*w + 8 = w - m, -31 = -5*w - 4*m. What are the prime factors of (8/1 - -3) + w?
2, 7
Let i = -23 + 39. List the prime factors of i.
2
Suppose 8*x - 2119 = -5*x. What are the prime factors of x?
163
Suppose -d = 2*a - 52, -3*d - 4*a + 191 = -5*a. Suppose 0 = -2*j - 0*v - 2*v + d, -5*v + 121 = 4*j. Let q = j + -23. What are the prime factors of q?
11
Let f(w) = 20*w**2 - 4*w - 24. What are the prime factors of f(-4)?
2, 3, 13
Let h(s) be the second derivative of -s**5/20 + 2*s**4/3 - 5*s**3/6 - s**2 + s. Let v(i) = i**2 - 7*i - 1. Let r be v(8). List the prime factors of h(r).
2, 3
Suppose 0 = -0*c + 2*c - 8. Suppose c*x = 0, -2*x + 4*x = 4*j - 24. What are the prime factors of j?
2, 3
Suppose -4*r - 2 = -3*d + 6, 0 = -4*d + 5*r + 9. Let c(f) = -2*f + 2. What are the prime factors of c(d)?
2, 5
Suppose 0*y - 15 = -5*y. Let v be 0/((5 - y)/2). Let w = v - -5. List the prime factors of w.
5
Suppose 0 = 4*d - 26 - 38. Suppose 3*x + d = -2. Let g = -4 - x. List the prime factors of g.
2
Let s = -42 + 106. Suppose 0*i - s = -4*i. Let q = i + -9. What are the prime factors of q?
7
Let a = 3 + -1. Let q = -2 + 6. Suppose f - q = -a. What are the prime factors of f?
2
Suppose 0 = f - 1, -5*f + 3*f = -4*x + 366. What are the prime factors of x?
2, 23
Suppose -6*v = -3*v. Suppose v*r = 5*r - 20. List the prime factors of r.
2
Suppose 5*d - 5 = -5*j, 20 = 2*j + 2*j - 4*d. Suppose 0 = -j*o + 2*o + 9. List the prime factors of o.
3
Let o be (-16)/(-24) + 14/(-3). Let u = o + -10. Let s = u - -26. List the prime factors of s.
2, 3
Let w = 3 + -3. Let h(z) be the second derivative of -z**5/20 - z**4/12 + z**3/6 + 7*z**2/2 - 10*z. List the prime factors of h(w).
7
Let g(f) = 6*f**2. Let r be g(1). Suppose -101 = -5*z - r. List the prime factors of z.
19
Let x(d) = d**2 - 2*d + 4. Let o(m) = -m - 1. Let s(c) = -3*o(c) + x(c). What are the prime factors of s(-6)?
37
Let f = 7 - 8. What are the prime factors of 11 + -1*(f - -1)?
11
Let i be -3 + -1*(3 + 10). Let u = i - -32. List the prime factors of u.
2
Let k(f) = 4*f**2 + 5. Let l be k(6). Suppose 4*u - 202 = -2*r, 0 = -5*u + 2*u - r + l. Suppose 4*o - 8*o + u = 0. What are the prime factors of o?
2, 3
List the prime factors of ((-1)/(-2))/(15/2370).
79
Suppose j = 2*j - 34. Let h(t) = t**3 + 7*t**2 - 4*t + 8. Let k be h(-8). Let f = k + j. List the prime factors of f.
2, 5
Let r(n) = -4*n**2 - 13*n - 2 + n**3 + 0*n**3 - 10*n**2. List the prime factors of r(15).
2, 7
Let j(a) be the first derivative of a**4/2 - 2*a**3/3 + a**2 + 2*a + 2. What are the prime factors of j(2)?
2, 7
Suppose 2*w - 12 = 94. Suppose 5 = 5*d - 3*k, 2*k + 0*k = 2*d + 2. Suppose -t = -z + 13, -d*t - t = -4*z + w. List the prime factors of z.
2, 3
Let g(h) = 6*h**2 - h - 2. Let f be g(2). Let p = 25 + f. List the prime factors of p.
3, 5
Let l be (-33)/6 - 2/(-4). Let b be (-12)/l - 10/25. Suppose -5*o = -2*w + 16, -3*o - 6 - 6 = -b*w. List the prime factors of w.
3
What are the prime factors of (-11101)/(-136) + (-6)/(-16)?
2, 41
List the prime factors of 2/13 - (-1552)/52.
2, 3, 5
Let y be (-1330)/(-26) + 2/(-13). List the prime factors of 2*2/12*y.
17
Let x(n) be the first derivative of n**3/3 - 3*n**2/2 + n - 2. List the prime factors of x(-3).
19
Suppose -3*j - 4 = 2. List the prime factors of (-30)/(-3) - 0/j.
2, 5
Suppose -2*w - 2 = 2*g, -4*w - g + 1 + 7 = 0. Suppose 0 = w*y - 90 - 0. What are the prime factors of y?
2, 3, 5
Let k = -3 - -5. Let b(f) = -3*f + 13. Let q(h) = 2*h - 7. Let p(o) = k*b(o) + 5*q(o). List the prime factors of p(6).
3, 5
Let g(o) = -o**2 - 7*o. Let d be g(-5). Suppose 5*w = 15, -3*w + d = 2*r - 39. List the prime factors o